-3 - -2) - -3
0
What is the value of 92 + -101 - (0 - 3) - 5?
-11
What is 9 + 1 + 5 + -10?
5
What is 2 + (-1 - -5) + -4?
2
What is 8 - 1 - (-7 - -12 - -6)?
-4
What is the value of 4 + ((8 - 14) + 8 - 1)?
5
Calculate -3 + -4 + (-3 - -5) + 4.
-1
What is the value of (-3 - 1) + 1 + 5?
2
-4 + -5 + 2 + 2
-5
Evaluate -8 + -3 + 8 - (-6 - -1).
2
11 - ((2 - -5) + (-6 - -2))
8
What is the value of -7 - (0 + -2 + -10)?
5
Calculate 22 + -40 - (-2 + -11).
-5
2 - (4 + (-2 - -2)) - 5
-7
What is the value of 15 + (-15 - 3 - -7)?
4
What is -7 - ((0 - -7) + -5)?
-9
(3 - -1) + (-2 - -2)
4
8 + -4 + (6 - 6)
4
Evaluate -1 - 0 - ((8 - 13) + -1).
5
Evaluate (0 - (-6 - (-11 - 1))) + 13.
7
Evaluate 3 - (-5 - (-2 + -2)).
4
What is the value of 3 + 1 - 0 - (-4 - -6)?
2
What is -5 - (-6 + 11 + -6)?
-4
4 + -6 + (13 - 5)
6
Calculate 2 - (-1 + -3 + 1).
5
Calculate (1 - 2) + 3 + -4.
-2
What is the value of -30 + 26 + 0 + -1 + 9?
4
Calculate 8 - (3 - 6 - -6).
5
What is -1 - (-3 - (0 + 2 - 3))?
1
Calculate 1 + (-4 - -8) + -2 - 8.
-5
Evaluate -2 - -3 - (3 - (-2 - -3)).
-1
What is the value of 1 + (-20 - -10) - -17?
8
Evaluate -5 + 11 + -2 - (1 - -1).
2
Evaluate -4 - (-16 + 4 - -3).
5
What is the value of (6 - (-3 - -14)) + 11?
6
What is (17 + -6 - -3) + -15?
-1
Calculate 7 - ((-3 - -4) + 5 - 3).
4
What is the value of -4 - -1 - (-5 - 2) - -1?
5
Calculate (-20 - -28) + (-2 - (3 - 1)).
4
-19 - -18 - (0 - (3 + -3))
-1
What is the value of -1 - -5 - (-38 + 41) - 2?
-1
58 + -66 - (1 + -1)
-8
4 - (-2 + 5) - (-6 - -4)
3
Evaluate (-6 - 0) + (76 - 60).
10
-8 - (-9 + -3 + 7)
-3
-2 + -1 + (-6 - -11)
2
-33 - -35 - (8 + -1)
-5
Evaluate 4 - 11 - (3 + -5).
-5
(-7 - -5) + (0 - 6) + 10
2
-1 + 4 + -2 - 4
-3
What is -19 - (4 + -9 + -5)?
-9
(0 - 1) + 10 + (-3 - 1)
5
What is the value of (2 + 5 - (-5 - -3)) + -5?
4
Evaluate -20 - (-25 + 4 + 9).
-8
What is the value of 5 + 0 - (1 + -1)?
5
Evaluate 16 - ((16 - 5) + -1).
6
What is the value of 0 + (0 - (-1 - 1))?
2
Calculate (4 - 0) + (-3 - (2 + -2)).
1
Evaluate 4 + (-11 + 3 - -4).
0
Evaluate (-2 - 0) + 18 + -13.
3
What is the value of (0 - -4) + 14 + (22 - 43)?
-3
Evaluate 1 - -6 - (62 + -60).
5
What is -7 - (-4 + -2 - -3)?
-4
Evaluate 3 + -2 + (5 - 5).
1
What is the value of -2 - ((-14 - (-2 + -6)) + -3)?
7
1 - (1 - 4) - 1
3
Calculate -6 - (-1 - (9 + -11)).
-7
Evaluate 67 - 55 - (1 - -3).
8
What is the value of 6 + (3 - 0) + -4?
5
-9 + 4 - ((-3 - -2) + 0)
-4
What is the value of 17 + (-12 - -3) - 6?
2
What is -8 + (0 - (4 - -3) - -13)?
-2
Calculate -15 - (5 + -3) - -11.
-6
What is -9 - (5 - 11) - 4?
-7
Evaluate 150 + -147 + (2 - (-2 - -1)).
6
34 + -33 + -4 + 0
-3
What is the value of -1 - (-1 + 4) - -2?
-2
Evaluate -4 + 5 + -3 + -5.
-7
0 + -1 + 3 + -1 + -3
-2
Evaluate 2 + 5 - (58 + -51).
0
Evaluate 5 + 7 + -6 + -4.
2
Calculate 1 + -4 + (0 + -1 - -2).
-2
What is (2 - -2) + (-11 - -6)?
-1
Calculate 1 + -2 + 1 + (0 - 1).
-1
What is the value of -2 + 2 - (-4 + 1 + 11)?
-8
(-9 - -3) + 3 - (-6 + 1)
2
Evaluate -30 + 24 + (0 - -1).
-5
Calculate 6 + (0 - 10) + -1 + 6.
1
Evaluate -12 + -9 + 8 + 6.
-7
What is the value of -20 + 15 - (-10 - (-2 + 3))?
6
What is -3 - 2 - (-4 - -1)?
-2
Evaluate 3 + -1 - (-2 - -6).
-2
Calculate -2 + 0 + (-5 - (3 - 7)).
-3
What is the value of 2 - (14 - 4) - -7 - -4?
3
What is 10 - (24 + -1 + -6)?
-7
Calculate -8 + (-2 - -3) - (19 + -16).
-10
Evaluate (6 - -1 - -1 - 3) + -3.
2
-8 - (-8 + 1) - (3 - 4)
0
Evaluate -5 - (-6 + (-4 - -6)).
-1
What is the value of -4 - (7 + -12 - 0)?
1
What is -5 + (4 - 2) - (2 + 2)?
-7
What is the value of 2 + 1 + -1 + 0?
2
Evaluate -1 + (-3 - 4) - -6.
-2
What is the value of -231 - -230 - (3 + (-2 - -1))?
-3
-19 + 18 - (0 - 0)
-1
Evaluate (-4 - 0) + 0 + 2 + 2.
0
What is the value of 25 - 20 - (-2 + 12)?
-5
What is (2 - 0) + 2 + (-2 - 7)?
-5
Evaluate 0 - (3 - (1 - 1)).
-3
6 + (0 + -16 - -5)
-5
Evaluate 5 - (-2 - (-2 + -2) - 0).
3
Calculate -2 - -2 - 0 - -3.
3
Calculate 0 - 7 - (-6 - 0).
-1
What is the value of 4 + (-2 - (-6 - 0) - 11)?
-3
Evaluate -5 + 4 - -9 - 11.
-3
0 + 0 - (3 - (-3 - -3))
-3
What is (-16 - -19) + 1 + -2 - 0?
2
What is -4 + 7 - (0 + 1)?
2
Evaluate -6 + (-11 + 7 + -3 - -6).
-7
Calculate 4 + -2 + 3 + -5.
0
What is the value of -6 + 1 + -9 - -6?
-8
Evaluate 2 + 0 - ((-8 - -9) + 4).
-3
Evaluate 6 + (9 - 2) - 7.
6
Calculate 0 + 11 + (-12 - (-9 - -2)).
6
2 + 0 + -6 + -14 + 17
-1
What is the value of 0 - (4 + (11 - 5 - 6))?
-4
-2 - ((5 - 1) + -4)
-2
What is the value of 5 - 0 - (-2 + 7)?
0
What is the value of 5 - 6 - (4 - (-1 + 4))?
-2
Evaluate 3 + (7 + 4 - 5) - 3.
6
Evaluate 0 + 2 + -3 + (-2 - 0).
-3
-2 + (1 - (0 + 4))
-5
Calculate -21 - -20 - (3 + -1 + 3).
-6
Evaluate (10 - 19) + -2 - -7.
-4
(-4 - (-8 - -3)) + -6
-5
What is 7 - 6 - (2 + 0)?
-1
Calculate -1 + -1 + (-45 - -44).
-3
Calculate (-3 - 0) + (-5 - -9) - 2.
-1
-6 + 0 - (-4 + -1 + -5)
4
What is -5 - 6 - (-32 - -25)?
-4
What is the value of -3 + 2 + 14 + -7 + -11?
-5
What is the value of 2 - (3 - (6 + 1 + -7))?
-1
What is 3 - (5 + -9) - 5 - 5?
-3
What is (21 - 19) + -2 + 0 - 0?
0
What is (7 - 1) + -10 + (-1 - -8)?
3
6 + 2 - 11 - 1
-4
-15 + 28 + -7 + 0
6
Calculate 3 + -8 + 11 + -8 - 3.
-5
What is (6 - 6) + -1 + 3?
2
Calculate -1 + 0 - -5 - 0.
4
Calculate 4 - (6 - 3) - (-2 + 1).
2
Evaluate (-4 - 2) + -5 + -1 + 9.
-3
Calculate 10 - 13 - (0 - 4).
1
What is (-1 - -1) + 0 - (9 - 4)?
-5
What is the value of (-2 - (-2 + -2)) + (-16 - -17)?
3
What is 4 + 4 + -15 + 2?
-5
Evaluate -8 + (1 - 2) + -1 + 7.
-3
Evaluate 70 + -71 - (-10 - -1).
8
Evaluate -1 + 3 - (12 + -10 + 4).
-4
(-24 - -7 - -8) + 12
3
Evaluate -16 + -1 + 9 + -1 + 0.
-9
What is the value of (3 - -1) + 7 + -10?
1
Calculate 11 + 2 + -4 - (28 - 30).
11
What is the value of -4 + -1 - (-4 + 0 + 4)?
-5
-9 - (4 + (3 - 19))
3
Calculate (1 - 4) + 3 + -5.
-5
Evaluate -1 - 2 - -9 - (1 + 7).
-2
Evaluate (4 - -8) + -15 + 4 + -2.
-1
Calculate 0 + (-3 - (3 - 9)) + -2.
1
Calculate -2 + (-6 - (-7 + 3) - 6).
-10
Calculate -2 + -8 + -7 + 11.
-6
3 + (3 - 8) - -2
0
Calculate 6 - (-7 - (-3 - 14)).
-4
Calculate (5 - 2) + (-3 - (-7 + 2)).
5
What is the value of (-6 - (0 - 2)) + (3 - 3)?
-4
(-3 - -1 - 0) + -1
-3
Evaluate -5 + 2 + (5 - 2) - -2.
2
-2 + (-7 - (-6 + -7)) + -3
1
-3 - -1 - 5 - -8 - 0
1
Calculate (-11 - -15) + (1 + -1 - 0).
4
Evaluate 1 + 6 - (0 + (2 - -1)).
4
Calculate (0 - 0) + (10 - 10).
0
What is (-14 - -9) + (1 - -1) - -1?
-2
(14 - 3 - 4) + -2
5
What is the value of -5 + (-3 - (-5 + 1 + -4))?
0
What is -1 - 4 - (-2 - -1)?
-4
What is the value of (-1 - (-4 + -3)) + -3?
3
Evaluate 1 - (-5 - -3) - (3 + -4).
4
What is the value of 34 + -38 + (7 - 0)?
3
-4 - (-11 - -5) - 1
1
Evaluate 4 + (1 + -13 - (-53 + 47)).
-2
Calculate -1 - ((0 - 2) + 6).
-5
What is 13 + -3 + (2 - 8)?
4
4 - (10 + -1 + -7)
2
Evaluate (9 - (3 - -6)) + (2 - 0).
2
Evaluate -13 + -2 + (-5 - -14).
-6
Evaluate -14 + 15 + (1 - 10).
-8
What is the value of -5 - (-3 + -2 - -5)?
-5
Calculate (0 - 0 - -6) + (-9 - -6).
3
What is (1 - 3) + -1 + -2?
-5
What is -4 - (-2 + 2 + -2 + -1)?
-1
What is the value of -7 + (11 - 6 - 4) - -9?
3
What is the value of (-2 - 0) + (28 - 22)?
4
0 - -4 - -1 - 6
-1
Calculate 6 + -2 + -7 + 1.
-2
Calculate 2 + 5 + -6 + (0 - -2).
3
11 + -3 - 2 - 13
-7
Calculate -9 + (5 - (-4 + 4)).
-4
What is 3 + 7 + -9 + -3?
-2
What is 0 + 12 + -7 + 1?
6
What is -6 + 14 + -3 - 0?
5
Evaluate 2 + 2 + 0 - (0 - 2).
6
5 + (-18 - -6 - 5) - -7
-5
What is the value of (28 - 14) + (-1 - 7)?
6
Evaluate 4 - (4 - 3 - -5).
-2
What is -1 + 15 - (-5 - (19 + -30))?
8
What is the value of 7 + 1 + 0 + (-1 - 2)?
5
What is the value of 2 - (-2 - (-2 - -3))?
5
1 + (-2 - (-20 - -7)) + -6
6
Calculate -9 + -15 + 11 + 9.
-4
-5 - (-3 + -3) - 3
-2
What is -10 - (-1 + -6) - 3?
-6
Evaluate -5 + 1 + (5 - 3).
-2
2 - 0 - (9 - 3)
-4
-8 + 2 + -6 + 19
7
What is the value of 2 + (-4 - (4 + 0 - 5))?
-1
What is 3 - ((-5 - 0) + 12)?
-4
What is (0 - -5) + -6 - -2?
1
Evaluate -3 + -5 + 3 + 3 + -3.
-5
What is the value of -1 + 4 - (-8 + 10 + -3)?
4
(-5 + 3 - -2) + (-2 - -1)
-1
What is the value of -1 + -1 - (-35 - -38)?
-5
Evaluate (-21 - -16 - (1 + -6)) + 4.
4
Calculate -2 + (-6 - (-7 - -3)).
-4
What is the value of 8 + -2 + -2 + 0?
4
What is the value of -4 + 3 + -1 + (-21 - -23)?
0
What is (7 - 17 - -5) + 4?
-1
Calculate -6 + (1 - (-1 + -11 + 2)).
5
Calculate (-